 is -11500 (base 6) in base 14?
-88c
Convert -2859 (base 12) to base 16.
-1245
-12b9 (base 13) to base 15
-be2
Convert 10000101010 (base 2) to base 14.
562
-2489 (base 15) to base 6
-100003
What is 585 (base 13) in base 4?
32322
Convert 21112 (base 3) to base 4.
3023
What is 497 (base 14) in base 5?
12132
3621 (base 13) to base 7
31152
Convert 821 (base 12) to base 16.
499
37a (base 11) to base 16
1c2
What is 1778 (base 10) in base 7?
5120
96 (base 10) to base 9
116
3181 (base 11) to base 12
2523
Convert -11100222020 (base 3) to base 6.
-1502053
Convert 1170 (base 14) to base 4.
233132
1720a (base 11) to base 12
12016
What is -312303 (base 5) in base 4?
-2201120
Convert 102000210 (base 3) to base 9.
12023
-9e (base 16) to base 5
-1113
210112002 (base 3) to base 13
71ab
4311 (base 7) to base 14
7b1
Convert -31003322 (base 4) to base 14.
-156d4
Convert 1121110 (base 3) to base 8.
2225
949 (base 11) to base 14
5b8
Convert -8a1 (base 14) to base 11.
-1314
21e6 (base 15) to base 5
212231
294a2 (base 11) to base 16
a381
What is -3214 (base 9) in base 2?
-100100111010
What is 111b (base 13) in base 12?
1472
-37e7 (base 16) to base 5
-424221
6346 (base 7) to base 2
100010111111
352 (base 12) to base 4
13232
What is 41 (base 14) in base 15?
3c
-110136 (base 7) to base 15
-5aa9
Convert 2259 (base 13) to base 14.
1a74
42a41 (base 11) to base 3
10011201010
What is 130661 (base 7) in base 15?
7332
-2021222022 (base 3) to base 5
-2421204
3324 (base 10) to base 9
4503
What is -3022100 (base 4) in base 9?
-18672
12705 (base 8) to base 16
15c5
What is -10122120 (base 3) in base 9?
-3576
What is 4949 (base 12) in base 7?
33045
-19a0 (base 12) to base 16
-c48
What is -157 (base 16) in base 13?
-205
-5f19 (base 16) to base 10
-24345
31131 (base 6) to base 9
5631
What is -1210100 (base 3) in base 14?
-693
-1313212 (base 5) to base 11
-18639
Convert 1410 (base 5) to base 3.
22112
What is -6292 (base 12) in base 13?
-4b92
Convert -a08 (base 12) to base 11.
-10a7
-200104 (base 6) to base 2
-11110011101000
What is -60143 (base 8) in base 5?
-1242200
Convert -10446 (base 7) to base 6.
-20103
-1222 (base 7) to base 14
-249
110110110001 (base 2) to base 16
db1
What is 77164 (base 8) in base 11?
2235a
Convert -10130 (base 4) to base 8.
-434
What is -1c4 (base 15) in base 5?
-3114
What is -10110001011010 (base 2) in base 14?
-41d0
Convert -111111000 (base 2) to base 4.
-13320
-21499 (base 10) to base 11
-15175
Convert -102111 (base 4) to base 8.
-2225
What is -634 (base 10) in base 12?
-44a
883 (base 14) to base 2
11010010011
2037 (base 9) to base 15
697
Convert 10025 (base 6) to base 8.
2441
What is -34a4 (base 15) in base 14?
-4107
-110100000011110 (base 2) to base 10
-26654
Convert -42614 (base 7) to base 5.
-314340
3627 (base 14) to base 8
22343
Convert -112112 (base 3) to base 6.
-1452
253 (base 16) to base 9
731
What is 443042 (base 5) in base 2?
11110000100101
What is 235 (base 7) in base 14?
8c
What is -331 (base 8) in base 15?
-e7
Convert 3705 (base 8) to base 2.
11111000101
Convert -10222 (base 4) to base 15.
-14d
What is 831 (base 11) in base 8?
1752
What is 4044 (base 5) in base 8?
1014
465 (base 13) to base 5
11014
What is 10212442 (base 5) in base 9?
140087
-16026 (base 10) to base 16
-3e9a
What is 4043 (base 5) in base 12?
377
Convert 20cd (base 16) to base 4.
2003031
10011111111110 (base 2) to base 10
10238
What is 67544 (base 8) in base 13?
cc97
Convert 355 (base 16) to base 2.
1101010101
Convert 34b (base 12) to base 14.
271
58 (base 14) to base 4
1032
1ba (base 12) to base 4
10132
1120111210 (base 3) to base 6
355250
-464a (base 12) to base 13
-3748
Convert -1010001110 (base 2) to base 5.
-10104
cb (base 13) to base 8
247
6035 (base 7) to base 2
100000100100
Convert -34134 (base 5) to base 15.
-ab4
Convert 153 (base 14) to base 7.
533
Convert 53304 (base 6) to base 5.
212430
a674 (base 13) to base 3
1011122210
What is -13130113 (base 4) in base 9?
-45734
11010101100110 (base 2) to base 11
a2a8
-20222 (base 3) to base 4
-2330
Convert 4a14 (base 11) to base 3.
22222120
Convert 130 (base 14) to base 5.
1423
Convert 434200 (base 5) to base 8.
35115
What is -30541 (base 9) in base 2?
-100111010011101
18a6 (base 12) to base 13
14a3
Convert 2332 (base 8) to base 15.
57c
What is 220010022 (base 3) in base 6?
213225
What is 333443 (base 6) in base 3?
1102110100
-187 (base 10) to base 8
-273
What is -2344 (base 10) in base 7?
-6556
-31311 (base 5) to base 14
-a89
1012110 (base 3) to base 16
36c
Convert -25e2 (base 16) to base 10.
-9698
Convert -21100022 (base 3) to base 5.
-132404
What is -32b (base 12) in base 6?
-2055
Convert 6653 (base 10) to base 16.
19fd
269 (base 13) to base 7
1145
What is -2012102 (base 3) in base 8?
-3104
-11053 (base 8) to base 4
-1020223
-132202 (base 4) to base 13
-b74
What is 33a5 (base 15) in base 4?
2223023
What is 1001101 (base 2) in base 9?
85
11011 (base 5) to base 4
23310
Convert -406 (base 10) to base 7.
-1120
What is 5778 (base 13) in base 12?
7123
What is 433311 (base 6) in base 8?
105653
Convert -933 (base 16) to base 15.
-a70
-221213 (base 7) to base 4
-21133103
-4b48 (base 12) to base 2
-10000101101000
What is -75464 (base 8) in base 12?
-16304
34492 (base 11) to base 2
1100001010101000
32766 (base 9) to base 14
7d0c
Convert 483 (base 13) to base 14.
3dd
-1210002 (base 4) to base 11
-48a0
What is 324 (base 11) in base 3?
112102
What is 1121311 (base 5) in base 6?
233314
-59437 (base 10) to base 6
-1135101
-53021 (base 6) to base 12
-4171
Convert 521 (base 10) to base 14.
293
-38a7 (base 12) to base 6
-45531
e20 (base 16) to base 3
11221221
237 (base 12) to base 6
1311
What is 5c65 (base 13) in base 8?
31450
Convert -10336 (base 7) to base 11.
-1a31
-1d4d (base 15) to base 6
-45301
Convert -40e3 (base 15) to base 4.
-3112101
Convert -100110011111010 (base 2) to base 8.
-46372
What is -560 (base 11) in base 8?
-1237
Convert 10012 (base 3) to base 8.
126
What is 142001 (base 5) in base 13?
28a0
10011010100101 (base 2) to base 7
40562
-541 (base 11) to base 2
-1010001010
-2553 (base 7) to base 6
-4253
Convert -7ac (base 15) to base 5.
-23422
Convert -1a0a (base 14) to base 5.
-122324
Convert 1001220 (base 4) to base 10.
4200
Convert -2702 (base 15) to base 2.
-10000010000111
What is 10130 (base 5) in base 7?
1640
-7092 (base 10) to base 13
-32c7
Convert -96c2 (base 13) to base 5.
-1132240
What is 132222 (base 5) in base 7?
21326
What is -566 (base 15) in base 6?
-5353
What is d2 (base 14) in base 5?
1214
344003 (base 6) to base 15
8a89
4305 (base 6) to base 8
1721
1ef8 (base 16) to base 3
101212122
What is -1654 (base 10) in base 11?
-1274
Convert -37 (base 9) to base 7.
-46
-1022101 (base 3) to base 2
-1110111011
Convert -1945 (base 10) to base 8.
-3631
What is 19c (base 15) in base 13?
228
b8 (base 16) to base 12
134
What is 26a (base 13) in base 8?
652
Convert -531 (base 15) to base 5.
-14141
739 (base 10) to base 3
1000101
-322300 (base 5) to base 12
-6406
Convert 11146 (base 7) to base 16.
b0b
260 (base 9) to base 12
160
525b (base 14) to base 10
14193
Convert -437 (base 10) to base 6.
-2005
What is -37709 (base 11) in base 10?
-54096
1101010101000 (base 2) to base 8
15250
What is 33870 (base 10) in base 4?
20101032
Convert 84 (base 15) to base 9.
147
-e6 (base 16) to base 6
-1022
What is -631 (base 13) in base 7?
-3034
What is 103143 (base 7) in base 5?
1033131
Convert 4ac (base 15) to base 14.
55c
20441 (base 5) to base 2
10101011011
Convert -121012201 (base 3) to base 14.
-4442
What is 11249 (base 11) in base 6?
203151
What is -1012102 (base 4) in base 6?
-32454
What is -11111101011011 (base 2) in base 12?
-9477
Convert -22110111 (base 3) to base 16.
-1819
36a (base 16) to base 7
2356
239 (base 13) to base 10
386
Convert 22200332 (base 4) to base 9.
65065
Convert 30025 (base 6) to base 16.
f41
Convert -1748 (base 12) to base 11.
-2109
What is -15857 (base 12) in base 6?
-353351
What is -3a04 (base 12) in base 9?
-10074
What is 2b09 (base 12) in base 5?
130144
204220 (base 8) to base 11
46981
Convert -73b0 (base 13) to base 3.
-210222200
Convert 20110111 (base 3) to base 11.
35a3
What is -2215 (base 9) in base 11?
-1256
What is 123231 (base 4) in base 7?
5112
What is -221121 (base 3) in base 12?
-497
What is -221221